*3 + 3*j**2 - 8*j**2. What is c(-3)?
-15
Let j(s) = s + 5. Let c = 1 - -2. Suppose -1 - c = w. What is j(w)?
1
Let z(l) = l - 2. Let s(g) = g**2 + 5*g + 4. Let h be s(-6). Let y be 2/10 + (-62)/h. Let q be -2 + y/2 - 0. Give z(q).
-7
Let b = 8 - -3. Let x(v) = -v - 9. Let w(k) = -3. Let i(c) = b*w(c) - 4*x(c). Determine i(-2).
-5
Suppose 3 = 2*v - 5. Let m(j) = 12*j - 5 + 5 - j**2 - 6*j + v. Calculate m(4).
12
Let f be (-7)/(-2)*-2 + 3/3. Let a(i) = i**2 + 8*i + 5. Calculate a(f).
-7
Let s(m) = -m + 5. Let i(c) = -c + 6. Let h(p) = 4*i(p) - 5*s(p). Let r(x) = x**2 + 3*x - 16. Let f be r(-6). What is h(f)?
1
Let s = 53 - 22. Suppose 5*m - 19 - s = 0. Let t = 6 - m. Let l(b) = -b**3 - 3*b**2 + 3*b + 1. Calculate l(t).
5
Let h(b) = -2*b**2 - 5*b + 2. Suppose 28 + 2 = 3*y. Let n = y + -14. Determine h(n).
-10
Let j(u) = -5*u - 2. Let s = -11 + 5. Let a(m) = 4*m + 1. Let w(f) = s*a(f) - 5*j(f). Give w(5).
9
Let d(x) = -10*x + 1. Let a(s) = -3*s. Let p(y) = -7*a(y) + 2*d(y). Let q = 1 + -1. Let j be 0*(q/3 + 1). Determine p(j).
2
Suppose -4*g + 2*g = -6, -3*p - g = -6. Let v(b) = -2*b**3 - 2*b. Let j(a) = -3*a**3 - 3*a. Let r(k) = -3*j(k) + 5*v(k). Calculate r(p).
-2
Let u = -29 + 34. Let l(c) be the second derivative of 0 - c - 2/3*c**3 + 1/12*c**4 + 3/2*c**2. What is l(u)?
8
Let l(z) = -33*z + 27*z - z**2 - 2 + 8. Let h = 10 + -16. Calculate l(h).
6
Suppose -21 = 28*b - 21*b. Let f(u) = -u**2 - 4*u - 4. What is f(b)?
-1
Let k(o) = o + 5 + 0 + 3. What is k(-6)?
2
Let n be ((-9)/(-6))/((-3)/4). Let l(o) be the second derivative of 5*o**3/6 + 3*o**2/2 - 5*o. Give l(n).
-7
Let z(r) = -r**2 + 6*r + 2. Let t be z(5). Let i = -8 + t. Let m(n) = 4*n**3 + 2*n**2 + n. What is m(i)?
-3
Let y be (2 - -3)*6/(-15). Let v(q) = q - 1. Suppose -6 = -t + 3*t. Let r(m) = m + 4. Let d(n) = t*v(n) - r(n). Give d(y).
7
Suppose 1 + 2 = -n. Let i be -2*(-5)/(5/2). Let o(s) = -3*s**2 + s - 2*s**3 + 5*s**3 - i*s**3 - 3. Calculate o(n).
-6
Suppose 0 = -3*g - 0*g + 9. Let j(t) = t**2 - 3*t. Determine j(g).
0
Let v(s) be the third derivative of -s**6/120 - 2*s**5/15 - s**4/24 - 5*s**3/3 - 43*s**2. Determine v(-8).
-2
Let v(g) = 3*g**3 - 19*g**2 - 7*g + 6. Let p(s) = 2*s**3 - 10*s**2 - 3*s + 3. Let t(x) = 5*p(x) - 3*v(x). Determine t(-6).
-3
Let j(y) = -y**2 + 15*y - 9. Let a be j(14). Let d(f) = 2*f - 1. Give d(a).
9
Let h(k) = -3*k**3 - 4*k**2 + 4*k - 3. Let y(p) = 2*p**3 + 3*p**2 - 3*p + 2. Let z(g) = 4*h(g) + 5*y(g). What is z(-2)?
8
Let m be -4 + -2 + (-9)/(-3) + 6. Let f(t) be the first derivative of -t**2 - 4*t - 1 + 4/3*t**m + 1/4*t**4. Determine f(-4).
4
Let z(c) = 1 - c + 2 - c. Suppose 66*j = 68*j + 6. Give z(j).
9
Let b(t) = -t - 1. Let l = -7 + 9. Let x be -1 + l/2 - 0. Give b(x).
-1
Let f(w) = -w**2 - w - 1. Let a be 58/18 + (-8)/36. Let m(x) = -2*x**2 - 3*x - 6. Let r(o) = a*f(o) - m(o). Give r(0).
3
Let m(t) be the third derivative of t**4/24 - 7*t**3/6 + 3*t**2. Suppose 0 + 8 = 2*d. Determine m(d).
-3
Let q(r) be the second derivative of r**4/12 + r**3/6 - r**2/2 - r. Suppose -2*s - 1 = 5*u + 1, 2 = -2*s. Give q(u).
-1
Let j(t) = 2*t - 3. Let k(l) = l - 2. Let b(w) = -j(w) + 3*k(w). Suppose 9 = -2*z - z. What is b(z)?
-6
Let i(g) = -g + 1. Let z(a) = -a - 3. Let j(c) = -2*i(c) + z(c). What is j(7)?
2
Let s be ((-6)/12)/(2/(-20)). Let k(t) be the third derivative of t**5/60 - 7*t**4/24 + t**3/2 + 3*t**2. Determine k(s).
-7
Let u(h) = -1. Let p(m) = m - 9. Let b(i) = p(i) - 2*u(i). Let z(r) = -1. Let l(j) = b(j) - 6*z(j). Determine l(-6).
-7
Let s(d) = d - 1. Suppose -4*t = -0*t + 12. Let a = 5 - t. Suppose -4*u - 9 = i + 9, 3*u + a = 2*i. What is s(u)?
-5
Let k(x) = 4 + x - 2 - x**2 + 2. Suppose -5*a = -z + 17 + 5, 0 = 2*z - 2*a - 4. What is k(z)?
-8
Let c(j) = -j**3 + 4*j**2 - 2*j - 2. Let a be c(2). Let p(o) = a*o - 50 + 44 - o. Suppose 3 = 4*u + 5*l + 7, 24 = 2*u - 4*l. What is p(u)?
-2
Suppose 0 = -4*r - 2*a + 10, r - 3*a + 2 = 1. Suppose 2 = 5*w - r*b, 3*b + b = 3*w - 4. Let n(o) = 0*o - 1 + w*o + 3*o. Calculate n(1).
2
Let w(t) be the first derivative of -2*t + 2*t - 3*t + t - t**2 - 3. Give w(-2).
2
Let d(z) = -z**2 + 5*z. Suppose 0 = -5*y + 19 + 1. Let n be d(y). Let l(h) be the first derivative of h**2/2 + 2*h + 17. What is l(n)?
6
Let r(h) = -5*h**3 - 3*h**2 - h + 6. Let n(y) = 6*y**3 + 3*y**2 + 2*y - 7. Let f(w) = -4*n(w) - 5*r(w). What is f(-3)?
7
Let u(g) = -g + 2. Let z be u(6). Let w(d) = d**2 - 1. Let s(f) = -f - 2. Let r(a) = s(a) + w(a). Let n(b) be the first derivative of r(b). Calculate n(z).
-9
Let h(v) = -v + 6. Suppose 0 = -a - 2 + 1. Let t = a + 4. Determine h(t).
3
Let u(w) be the second derivative of w**8/6720 - w**6/360 - w**5/60 + w**4/4 - 2*w. Let t(b) be the third derivative of u(b). Suppose -x - 1 = 1. Give t(x).
-6
Let o(n) be the first derivative of -n**3 - n**2/2 + 4. Let b(f) = -f + 3. Let s(c) = c - 3. Let g(r) = 4*b(r) + 3*s(r). Let w be g(2). Calculate o(w).
-4
Let a(o) = -10*o - 1. Suppose -2*d - 4 = -0*d - 3*x, 0 = -4*x + 8. Give a(d).
-11
Let h(s) = 17*s**3 - 1. Let w be h(1). Let o be (18/(-8))/((-6)/w). Let v(z) = -z**2 + 6*z + 1. Let b be v(o). Let u(l) = 2*l**2 - l. Give u(b).
1
Let h(p) be the third derivative of p**6/120 - p**4/8 + p**3/3 - 32*p**2. Give h(-3).
-16
Let g = 9 - 7. Let l(z) = z**3 - 4 - 5*z**g + 0 + 5*z + 3. Give l(4).
3
Let u(w) = 1 - w + 2*w - 2. Let h be u(4). Let l(i) = 2*i - 8*i + 2*i**2 + 2 + 2*i. Determine l(h).
8
Let z(n) = -n + 0*n**2 - 1 + 0*n - 3*n**2 + 10*n**2. Suppose s - 3*s - 14 = 3*k, -k = -s + 3. Calculate z(s).
7
Let g = -5 + 11. Let k(v) = -g*v**3 + 8*v**2 + v - 16*v**2 + 7*v**2. Determine k(1).
-6
Let l(g) = -7*g**2 + 0*g**3 + g**3 + 2 + 4*g**2. Let q be l(3). Let z(w) = -2 + q - 2*w**2 - 5*w - 2. Calculate z(-3).
-5
Let t(q) be the first derivative of -q**4/4 + q**3/3 - q**2 + 3*q - 72. Let n = -1 + 3. Calculate t(n).
-5
Let v(q) = -2*q**2 - 1. Let h = -115 + 117. Give v(h).
-9
Let k = 4 - 2. Suppose -k*y - 5 - 3 = 0. Let i(h) = h**3 + 5*h**2 + 3*h - 2. Calculate i(y).
2
Suppose -3*n - 2*n + 5*o - 35 = 0, 0 = 2*n - o + 9. Let u(j) = 2 - j**2 + 0*j**2 + 8*j - 6*j + 1. Determine u(n).
-5
Let w(h) = h + 1. Let f(r) = 5*r + 1. Let q(l) = -f(l) + 6*w(l). What is q(4)?
9
Let z(a) = -a**2 + 2. Let g = -8 + 10. Calculate z(g).
-2
Let q(z) = z - 1. Suppose 0 = s + s - 14. Suppose 5*a - s = -2. Calculate q(a).
0
Let w be (-8)/3 - 1/3. Let d(o) = -5*o**3 + 4*o**2 - 25*o - 9. Let i(z) = z**3 - z**2 + 6*z + 2. Let k(t) = -2*d(t) - 9*i(t). Determine k(w).
-6
Let j(h) = -h**3 - 3*h**2 + 2*h + 4. Let d be j(-4). Suppose -2*f = -0*f - d. Suppose -y - f = y. Let z(g) = g + 4. Calculate z(y).
1
Let o(f) = 4*f**2 - 2*f + 5. Let y(a) be the first derivative of a**3 - a**2/2 + 5*a + 2. Let t(p) = 2*o(p) - 3*y(p). Determine t(0).
-5
Suppose 0 = 2*t + t - 15. Let k be (-2)/t + (-6)/10. Let s(n) = n - 1. Calculate s(k).
-2
Let m(i) = 2*i + 4 - 5*i + i. Suppose 4*g = -3 + 15. What is m(g)?
-2
Let p(b) be the third derivative of b**6/10 - b**4/24 - b**2. Let t = 57 + -58. Give p(t).
-11
Let k(l) = -l**2 - 7*l - 4. Let o(x) = -x**2 + 2*x + 9. Let r be o(5). Determine k(r).
2
Let a(f) be the second derivative of -f**3/6 - 7*f**2/2 - f. Suppose -17*d = d + 108. Calculate a(d).
-1
Let h be -3*(3 - (-28)/(-6)). Let g = 10 - h. Let s(o) = -o**3 + 4*o**2 + 4*o + 6. Determine s(g).
1
Suppose n = 3 - 1. Suppose -5 = -n*i - 17. Let y(l) = -l - 4. Let v be y(i). Let a(j) = 3*j**2 - 3*j. What is a(v)?
6
Let i(r) = -5*r + 5 + r + r**3 + 8*r**2 - 3*r**2. Calculate i(-6).
-7
Let w(v) = -v**2 - 3*v - 4. Let u be (-1 + (0 - -2))/1. Let b(s) = 1 + 5*s + 36*s**2 - 37*s**2 - 3*s**3 - 6*s. Let t be b(u). What is w(t)?
-8
Suppose 5*w - 35 = -5*h, -5*w + 10*w = -2*h + 20. Let o(v) = 2*v + w + 0*v + 6. Let l(a) = -2*a + 30. Let j be l(18). Calculate o(j).
-4
Let p(r) be the first derivative of -r**4/2 + 2*r**3/3 - 3*r**2/2 + r + 22. Determine p(2).
-13
Suppose 0 = -f - 3*d - 10, -2*f = -f + d + 4. Let l = -2 + 4. Let v = l - f. Let z(w) = -w**3 + w**2 + 3*w + 3. What is z(v)?
-6
Let y be 11 - 8 - 28/(-2). Let p(c) = 4*c - 10 + y - 7. Calculate p(-1).
-4
Let g(q) = -q**2 + 3*q + 10. Let r(c) = -c. Let j(f) = -g(f) + 4*r(f). Suppose 3*m - 5*m + 8 = 3*b, 0 = -5*b - 10. What is j(m)?
-10
Suppose -2*s - 3 + 7 = 0. Let p(o) = -5*o